222
In base 16, what is 2333a - 26?
23314
In base 2, what is 1000010011000100001011011 - 10?
1000010011000100001011001
In base 13, what is -9 - 1a75121?
-1a7512a
In base 8, what is 24 + -176115145?
-176115121
In base 6, what is -1235333015 + 2?
-1235333013
In base 16, what is -1a + 1359b9?
13599f
In base 8, what is 5304 + -1051714?
-1044410
In base 4, what is 11 + 22323021002?
22323021013
In base 15, what is 1e + -d842?
-d823
In base 4, what is -132210222 - 3?
-132210231
In base 7, what is 5 - -6533426?
6533434
In base 9, what is 1644 - -1204?
2848
In base 5, what is -423 - 30141023?
-30142001
In base 2, what is -10100011010100 - 10100001?
-10100101110101
In base 13, what is -80 - -9466b?
945bb
In base 9, what is -2 + -451031060?
-451031062
In base 12, what is -15725 - -aba?
-14827
In base 16, what is -20d840 + -6?
-20d846
In base 14, what is -1 - -168979?
168978
In base 2, what is 1 - 101011110100000111000?
-101011110100000110111
In base 11, what is -1161 + -24084?
-25235
In base 13, what is -24 - -100323?
1002cc
In base 13, what is -2238 + 58c5?
368a
In base 2, what is 11101110110001111011 - 1011111000?
11101110100110000011
In base 12, what is 5 + -1a61711?
-1a61708
In base 7, what is 51636316 + 130?
51636446
In base 13, what is -b76b + -365a?
-120c8
In base 13, what is 23b524b + -1?
23b524a
In base 11, what is -1544 + 153a8?
13964
In base 10, what is -135797 + -2735?
-138532
In base 3, what is 12 + -11112020102212?
-11112020102200
In base 16, what is 1303 + -224b?
-f48
In base 13, what is -7 + 2a5843?
2a5839
In base 4, what is 131301330010 - -11?
131301330021
In base 16, what is -d + 43af0?
43ae3
In base 16, what is 779e + -dd?
76c1
In base 6, what is 2 + 151434141?
151434143
In base 16, what is -1d - -2c5826?
2c5809
In base 7, what is -21463003035 - 2?
-21463003040
In base 12, what is -3796 + 1231?
-2565
In base 6, what is -53 - -535011421?
535011324
In base 14, what is 11c4 + 3d13?
50d7
In base 6, what is -540555 - 502?
-541501
In base 11, what is 44436 + -a66?
43480
In base 11, what is -3 + -3881842?
-3881845
In base 14, what is 3439cb9a - -2?
3439cb9c
In base 8, what is 46115 - 123311?
-55174
In base 9, what is -52231872 + 4?
-52231867
In base 11, what is 14307 - -3937?
18143
In base 15, what is 2 - -7a13b8?
7a13ba
In base 7, what is 46 + -52661255?
-52661206
In base 9, what is 1080 + -188801?
-187711
In base 10, what is -14681411 - 1?
-14681412
In base 5, what is -12114411 + -2314?
-12122230
In base 3, what is -111012 + -1210220200202?
-1210221011221
In base 7, what is -66414 - -366614?
300200
In base 10, what is 29 - -12158549?
12158578
In base 12, what is 300350 + -11?
30033b
In base 3, what is -10 + -1222211212121?
-1222211212201
In base 14, what is -1466b1c5 + 4?
-1466b1c1
In base 14, what is 23c - 1da098?
-1d9c5a
In base 13, what is 546c68 + -29?
546c3c
In base 7, what is -456165 - 1501?
-460666
In base 4, what is 100 + -112100201231?
-112100201131
In base 7, what is -5664 - 1031?
-10025
In base 6, what is -14024 - 4012?
-22040
In base 15, what is -1a6 + 3563c?
35486
In base 5, what is 2 - -132334044?
132334101
In base 3, what is 110111 - 1212200?
-1102012
In base 7, what is 46144042 + -5?
46144034
In base 14, what is -5122 - -78a?
-4776
In base 2, what is 1 + 110011111000001011001100?
110011111000001011001101
In base 8, what is -56465063 + -2?
-56465065
In base 16, what is 6 - -1bdb41?
1bdb47
In base 12, what is -2 - 32b522?
-32b524
In base 7, what is 0 + -42134046?
-42134046
In base 9, what is 646 - 262040?
-261283
In base 16, what is -31 - c1fbb?
-c1fec
In base 14, what is 188048 - -18?
188062
In base 11, what is -15473 + 130a?
-14164
In base 6, what is -135052521 - -5?
-135052512
In base 13, what is 139886 + -622?
139264
In base 10, what is 22821558 - -2?
22821560
In base 13, what is -11 + 18ac49?
18ac38
In base 15, what is -38 - 61959?
-61992
In base 14, what is 299 + 5cb3?
616c
In base 3, what is -11121201 + 22001210?
10110002
In base 11, what is 3 + 1153758?
1153760
In base 14, what is -2d9c + -2c49?
-5c07
In base 11, what is -9295 - 8a2a2?
-98587
In base 12, what is a7 - -9642?
9729
In base 2, what is 0 + -110100010110001100111?
-110100010110001100111
In base 9, what is -761 + -32587?
-33458
In base 6, what is 41 + 210512454?
210512535
In base 9, what is 5 - 35322200?
-35322184
In base 6, what is 0 - -510003154?
510003154
In base 3, what is -12202202202 - -100111?
-12202102021
In base 9, what is -286 + -2224631?
-2225027
In base 10, what is -1 - -637177?
637176
In base 2, what is 1010000111000000011 + 101?
1010000111000001000
In base 8, what is 1657557 + 40?
1657617
In base 3, what is 122111221111000 + -11?
122111221110212
In base 13, what is 398535 - 8?
39852a
In base 13, what is 10720 + -295a?
aa93
In base 6, what is -255 - -313012353?
313012054
In base 10, what is -4102 + 1327?
-2775
In base 10, what is 15279153 - 31?
15279122
In base 16, what is 3 - 3430ea5?
-3430ea2
In base 14, what is 1366b55a + -5?
1366b555
In base 2, what is 110 - -111110011011010111100?
111110011011011000010
In base 15, what is 9a4b8 - 40?
9a478
In base 9, what is 51242883 + -5?
51242877
In base 5, what is 300333131 + 121?
300333302
In base 12, what is -4 - -4b927b77?
4b927b73
In base 9, what is -460 - 15126?
-15586
In base 10, what is 36361059 + -4?
36361055
In base 2, what is -100 - 110111101011010011001?
-110111101011010011101
In base 9, what is -31 - -331410?
331368
In base 7, what is 3 - -345654263?
345654266
In base 16, what is 1 - 11ceef21?
-11ceef20
In base 14, what is -11b43a + -66?
-11b4a2
In base 8, what is 1237716123 + -2?
1237716121
In base 14, what is -20 + 10dcc?
10dac
In base 11, what is -a1729458 - 1?
-a1729459
In base 12, what is -2057 - b15a?
-111b5
In base 3, what is 20120 + 2202112210?
2202210100
In base 4, what is 12323 + -3213100?
-3200111
In base 6, what is -132505442 + 132?
-132505310
In base 3, what is 1122202220200 - -1?
1122202220201
In base 16, what is -50580 + -22c?
-507ac
In base 11, what is -2635 - -58476?
55941
In base 10, what is 21242 + 17081?
38323
In base 14, what is 4 + -131913?
-13190d
In base 11, what is 0 + 16936385?
16936385
In base 13, what is -90aa51 + 5?
-90aa49
In base 13, what is -13657 + 11b?
-13539
In base 14, what is -16576 - 2c6?
-1685c
In base 10, what is -14 + 1343870?
1343856
In base 16, what is -15 - 41fac5?
-41fada
In base 16, what is 129c92 - -17?
129ca9
In base 13, what is -6 + -113cbc3?
-113cbc9
In base 8, what is 471 + -17241?
-16550
In base 15, what is -28e56 - 60?
-28eb6
In base 4, what is 200 - 212331130?
-212330330
In base 13, what is -14 - 849704?
-849718
In base 12, what is 1b7 - 1043?
-a48
In base 6, what is -414 + 2204550?
2204132
In base 15, what is 7968 + 214?
7b7c
In base 9, what is 4 + -16744408?
-16744404
In base 16, what is 4 - 156fa5?
-156fa1
In base 8, what is 4 - 5111513?
-5111507
In base 4, what is -2201 - -123122021?
123113220
In base 14, what is 4a59 - -b29?
5784
In base 10, what is 206 + 58952?
59158
In base 12, what is b87a887 - 2?
b87a885
In base 10, what is 13510607 - -5?
13510612
In base 7, what is 2334 - 1042132?
-1036465
In base 15, what is -4 - -a9a6c2?
a9a6bd
In base 2, what is 10110110 + 1000000001010100?
1000000100001010
In base 2, what is -100010001110001111 - -1100000?
-100010001100101111
In base 12, what is -1a3a4b661 - -4?
-1a3a4b659
In base 7, what is 2054206 + -46?
2054130
In base 8, what is 10040516 + 76?
10040614
In base 6, what is 11031103 + -215?
11030444
In base 15, what is -e38 - -66a?
-7bd
In base 3, what is -112122211100000 - -10?
-112122211022220
In base 3, what is -110010102100020 + 2112?
-110010102020201
In base 16, what is -42 + -293220?
-293262
In base 4, what is -10312310233 + 1?
-10312310232
In base 7, what is 46136 - -2165?
51334
In base 9, what is 334 + -105763?
-105428
In base 3, what is -120 - 2221010001120?
-2221010002010
In base 8, what is -126055131 + 1?
-126055130
In base 9, what is 164351835 - 0?
164351835
In base 15, what is -bee62 + -9?
-bee6b
In base 11, what is -1134 + 2a66?
1932
In base 7, what is -4612251 + -10?
-4612261
In base 6, what is -3203530 + -1425?
-3205355
In base 5, what is 430140433 + 4304?
430200242
In base 10, what is 2830 + 2801?
5631
In base 7, what is -3 - 36205642?
-36205645
In base 16, what is 19023